 x(o)?
7
Let p(f) be the third derivative of f**4/12 + 5*f**3/6 - 11*f**2. Give p(-6).
-7
Let c(o) = 36*o - 3 + 29*o - 1 - 64*o. Let w(k) = 2*k - 8. Let t be w(6). Suppose -5*p - 2*s + 33 = -0*s, 21 = p + t*s. Calculate c(p).
1
Let l(t) = t**2 - 8*t. Suppose -2*h + 3*x + 1 = -0*x, -x = -4*h + 27. Calculate l(h).
0
Let o(s) = -s - 9. Suppose 52*i - 15 = 55*i. What is o(i)?
-4
Let p(c) be the third derivative of 5/6*c**3 + 0*c - 1/4*c**4 + 0 + 2*c**2 + 1/60*c**5. Give p(4).
-3
Let m(q) be the second derivative of q**3/3 - q**2/2 + q. Let f be 14/(-8)*(6 + -2). Let r = 11 + f. Give m(r).
7
Let v be -1*(2 + 5)*-1. Let m(g) = -2 + v*g**2 - g - 6*g + g - g**3. Let j be m(6). Let d(o) = -2*o**2 - o. Determine d(j).
-6
Let h(a) = a**2 + 4*a - 3. Let u be h(-4). Let p be 2*-1 - (u + 1). Let b(d) = -2*d**2 + d**2 + d**3 + 0*d**2. Give b(p).
0
Let h(d) be the second derivative of d**3/3 - 3*d**2/2 - 5*d. Calculate h(4).
5
Let o(c) = -c**2 + 8*c - 6. Let v be o(6). Let h(r) = -r**3 + 7*r**2 - 4*r - 4. Determine h(v).
8
Let j(i) = -18*i**2 + i - 2. Let f(t) = t**2 + 1. Let h(w) = -2*f(w) - j(w). What is h(1)?
15
Let k be -2 - 4*9/(-6). Let w be (k/6)/(4/30). Suppose -4*v - v = w. Let c(p) = 2*p**3 + p**2. Determine c(v).
-1
Let s(p) be the third derivative of -p**4/6 + p**3/6 + 8*p**2. Determine s(-1).
5
Let z = 2 - 7. Let l(m) = 4 - 3*m - 2*m + 0 + 4*m. What is l(z)?
9
Let c(o) = -o + 2. Let z be (-1 - 3) + -12 + 14. Let l(p) = 4*p**2 + 6*p + 2. Let d be l(z). Give c(d).
-4
Let f(j) be the third derivative of j**4/12 - 2*j**3/3 - j**2. Let r be (-8 + -1)*(-5)/(-30)*-4. Calculate f(r).
8
Let p be 12/18 - (-7)/3. Let k(o) = 1 + o**2 - p - 3*o**2 + 1. Give k(-2).
-9
Let i(z) = -7*z**2 - 5*z + 3. Let f(s) = s**3. Let h(w) = -f(w) + i(w). Suppose 4*l - 2*q = -24, -l + 5*q - 6 = 3*q. Determine h(l).
-3
Let b(w) = 8 + 25*w - 23*w - 14 + 2. What is b(3)?
2
Let y(j) = 4*j**2 - 22*j - 7. Let t(l) = -l**2 + 7*l + 2. Suppose 0 = 5*d + 5*h - 0*h + 10, 8 = -4*d - h. Let m(u) = d*y(u) - 7*t(u). Give m(-4).
4
Let s(l) = 0*l + 0*l - l**3 + 2*l + 6 - 4*l**2. Give s(-4).
-2
Suppose y - 6*y - 25 = -5*a, -y + 1 = 0. Let l(n) = -3*n - n**3 - 4*n + a*n**2 + n**2 - 4. Suppose 5*p - 26 = 2*p + 4*k, -14 = -2*p + k. What is l(p)?
-10
Let b(w) = -w**3 - w**2 - 2. Let j = -29 + 29. Calculate b(j).
-2
Let s(b) be the first derivative of -1 - 5/2*b**2 - 1/12*b**4 + b**3 + 2*b. Let z(p) be the first derivative of s(p). Give z(5).
0
Let l(w) = -6*w**3 - 3*w**2 + 7*w + 1. Let g(h) = 7*h**3 + 3*h**2 - 7*h. Let p(n) = -5*g(n) - 6*l(n). Calculate p(-4).
6
Let u(t) = -t**2 + 11 + 4 - 14 + 1 + t. Give u(-2).
-4
Let v = 33 - 53. Let t be ((-16)/v)/(2/(-5)). Let u be (-2)/1 + t + 0. Let k(o) = o**3 + 3*o**2 - 4*o - 2. Calculate k(u).
-2
Suppose -3*k - 2*k = 5. Let z = k - 2. Let g(o) = -o**3 - 4*o**2 - 2*o - 2. Calculate g(z).
-5
Let z(g) = -9*g - 18. Let a be z(-2). Let n(d) = -4*d**3 + 5 + 1 + 3*d**3 + d**2. Calculate n(a).
6
Let z(r) = -4*r + 2. Let w = -4 - 1. Let o(p) = -6*p + 3. Let u(v) = w*o(v) + 8*z(v). Let c = 2 + -4. Calculate u(c).
5
Let h(q) = -3*q**3 + 2*q**2 - 8*q. Let f(p) = -4*p**3 + 2*p**2 - 7*p. Let x(w) = -7*f(w) + 6*h(w). Let y = 82 - 81. What is x(y)?
9
Let t be 5/10 - 14/4. Let j(y) = -4*y - 3. Let b(c) = -7*c - 5. Let z(o) = -6*b(o) + 11*j(o). Let u(s) = s + 2. Let n(f) = 3*u(f) + 2*z(f). Determine n(t).
3
Let o(r) be the first derivative of 3*r**2/2 + 4*r + 10. Give o(3).
13
Let f(p) = -5*p**2 - 2*p + 6. Let o(u) = -4*u**2 - 2*u + 5. Let y(w) = -3*f(w) + 4*o(w). Calculate y(-3).
-1
Let o(f) = -f + 2. Suppose -r = 2*g + g - 14, 2*g + 5*r = 5. Suppose -g*j - 20 = -5*y, 0 = 5*j + y + 3*y + 2. Let p be j/6 - 44/12. Give o(p).
6
Let u(r) = 11*r**3 + r**2 + 10*r - 4. Let y(v) = 5*v**3 + 5*v - 2. Let a(q) = -4*u(q) + 9*y(q). What is a(3)?
4
Suppose 0*g + g + 3*j + 13 = 0, -3*j = 2*g + 17. Let x be (0 + 0)/(g/(-2)). Let i(r) = r + 1 - 2*r**3 - 3*r**2 + r**3 + x*r**2. What is i(-3)?
-2
Let q(t) = -3 + 5 + 3*t - 1. Suppose 8 = 5*x - 22. Suppose g - 2 + x = 0. What is q(g)?
-11
Let n = -2 - -3. Let h(u) = -u**2 + u. Let l(i) = -i**3 - i**2 + 2. Let s(k) = n*h(k) + l(k). Let f(a) = -a + 3. Let y be f(5). Determine s(y).
0
Let a(z) = -4*z + 6. Let l(i) = -5*i + 7. Let u(d) = -3*a(d) + 2*l(d). What is u(3)?
2
Let t(c) = c**3 + 5*c**2 + 4*c + 3. Let w be t(-4). Let k(p) = w*p**3 + 4*p**3 - p - 2*p - 6*p**3 - 4. Calculate k(3).
14
Let y(h) = -h + 14. Let n be y(11). Suppose n*i - 10 + 40 = -3*m, 5 = -2*m + i. Let j(v) = v**2 + 4*v - 4. Give j(m).
1
Let c(k) be the third derivative of -k**5/60 - 5*k**4/24 + k**3/2 - 4*k**2. Suppose 2*v - 3*a = -2*v + 25, 2*v - 4*a = 20. Suppose -v*p - 8 = 8. Give c(p).
7
Let o = -3/2 - -11/6. Let c(w) be the second derivative of -1/6*w**4 - o*w**3 + 2*w + 0 + 1/2*w**2. What is c(1)?
-3
Let b(w) = 5*w - 3. Let o(p) = p**3 + 4*p**2 - 3*p - 10. Let g be o(-4). What is b(g)?
7
Suppose 2*h = -2*h + 12. Suppose 0 = 5*f - h*f. Suppose 3*b - 2*t - 22 = -7*t, f = 3*t - 6. Let g(v) = -v**3 + 4*v**2 - v + 4. Calculate g(b).
0
Let d(v) be the first derivative of -3/2*v**2 + 2 + 1/3*v**3 - 7*v. Let a be 86/18 + (-2)/(-9). What is d(a)?
3
Let n(d) be the first derivative of 5*d**4/4 + d**2 - d + 15. Give n(1).
6
Let g(j) = 9*j + 1. Let t = 21 + -22. Give g(t).
-8
Suppose -5*c + 8*c = 12, 0 = g - 3*c + 8. Let f(k) = -k**2 + k + 1. What is f(g)?
-11
Let z(j) = j - 2*j + 2*j**2 - j - 10*j**2 - 1. Let u = -3 + 2. What is z(u)?
-7
Let p = -1 + 2. Let b(s) = -s**2. Let l(y) = -3*y**2 - 3*y. Let m(d) = p*l(d) - 2*b(d). Determine m(-3).
0
Let r(v) be the second derivative of v**4/6 + v**3/3 - v**2/2 - 19*v. Let s(y) = -2*y**2 - 3*y - 1. Let n be s(-2). Let h = n + 1. Calculate r(h).
3
Let t(w) = 2*w**2 + 70*w + 130. Let z be t(-33). Let a(f) be the third derivative of 5*f**4/24 + f**3/2 - f**2. Determine a(z).
-7
Let l(q) = q**3 - q + 7. Let v(m) = m**2 - 8*m - 9. Let y be v(9). Give l(y).
7
Let k(c) = 4 + 3*c - 2*c + 0*c. Calculate k(-6).
-2
Suppose 28*c - 23*c - 10 = 0. Let i(o) = -4*o**2 - 1 + 3*o - 5*o + 5*o + o**3. What is i(c)?
-3
Let q = -7 - -26. Suppose -2*r + q = 7. Let o(s) = s**3 - 6*s**2 - 3*s + 9. What is o(r)?
-9
Let c(p) = -7*p**2 + 11*p + p - 2 - 2 - 4*p + p**3. Calculate c(6).
8
Suppose 0 = -4*t + 6*t + 12. Let z(d) = -d**3 - 6*d**2 + 5. Calculate z(t).
5
Let u(c) = c**3 + c**2 + c + 2. Let y be u(0). Suppose -i + 3 = 0, -10 + y = o - 5*i. Let b(s) = 5*s - o*s + 2 - 5*s - 3. Give b(-1).
6
Suppose -5*j - 10 = 2*f + 33, -j + 2*f = -1. Let h(c) = 2*c - 2. Let u(t) = -4*t + 4. Let r(d) = j*h(d) - 4*u(d). Determine r(5).
8
Let j(c) = -4*c - 9. Let h(i) = -5*i - 9. Let l(a) = 2*h(a) - 3*j(a). What is l(-9)?
-9
Let x(t) = 2*t - 5. Suppose 4*z - 17 = 5*w - 2*w, 3*z + w = 16. Calculate x(z).
5
Suppose -2*m + 32 = 3*x - 6*m, -4*m - 36 = -4*x. Suppose 2*j + 24 = -x*j. Let a(c) = 3*c + 4. Determine a(j).
-8
Suppose 0 = -3*o + 6 + 12. Let p(h) = -4*h - 8. Let r(s) = -9*s - 17. Let m(y) = o*r(y) - 13*p(y). What is m(6)?
-10
Let j be 162/39 - (-6)/(-39). Let i(d) be the first derivative of -j*d + 0*d**2 + 1/4*d**4 - 1 - 4/3*d**3. Calculate i(4).
-4
Let q(s) = 3*s - 6. Let k be q(4). Let b(w) = -w**3 + 2*w**3 - 3 - k*w**2 - 2 + 7*w. Suppose 5*l = 14 + 6. Determine b(l).
-9
Suppose -2*p = p - 39. Let g(l) = 14*l**3 + 7*l**2 + 0*l**2 - p*l**3 + 3 + 6*l. What is g(-6)?
3
Let o be (-1 + 2/8)*-4. Let a(m) = 1 - 100*m + 34*m + 34*m + 33*m. Calculate a(o).
4
Suppose 48*r = 40*r - 40. Let v(y) = -2*y - 3. What is v(r)?
7
Let i(j) be the second derivative of j**3/2 - j**2/2 + 5*j. Give i(-1).
-4
Suppose t = -3*t + 12. Let j(m) = -2*m - t*m - m - 4*m. Calculate j(1).
-10
Let h(i) = i**2 + i - 7. Suppose -5*y + 3*p = 0, 6*p = 3*p. Let l = y + 0. What is h(l)?
-7
Let q(l) = -l - 4. Let c be q(-9). Let y(a) = -2*a**2 - 1 + a**2 + 0 - c*a. Give y(-6).
-7
Let p(x) = x**2 + 5*x - 1. Suppose 3*w - 14 = 5*w. Give p(w).
13
Let v(m) = -m + 2. Let r be 0*(-2 + 3) + 3. Give v(r).
-1
Let u(r) = 7*r**3 + r**2 - r. Let j = 18 - 17. Determine u(j).
7
Let o(m) = m - 3. Let q(g) = -g**2 + 10*g - 4. Let u be q(9). Let j be o(u). Let c(l) = 3*l**j + 2*l**2 + 0*l**2. What is c(1)?
5
Let o(r) be the first derivative of r**4 + r**3/3 - r - 2. Let y(m) = 5*m + 8. Let k(n) = 9*n + 16. Let b(l) = 6*k(l) 